{"id":3180,"date":"2021-08-12T02:36:33","date_gmt":"2021-08-12T02:36:33","guid":{"rendered":"https:\/\/axialkine.com\/inicio\/?page_id=3180"},"modified":"2025-10-07T17:30:27","modified_gmt":"2025-10-07T17:30:27","slug":"ondasdechoque","status":"publish","type":"page","link":"https:\/\/axialkine.com\/inicio\/ondasdechoque\/","title":{"rendered":"Ondas de Choque"},"content":{"rendered":"<div id=\"pl-3180\"  class=\"panel-layout\" ><div id=\"pg-3180-0\"  class=\"panel-grid panel-has-style\" ><div class=\"divider-no-animation tablet-default mobile-default desktop-default custom panel-row-style panel-row-style-for-3180-0\" ><div id=\"pgc-3180-0-0\"  class=\"panel-grid-cell panel-grid-cell-empty\" ><\/div><\/div><\/div><div id=\"pg-3180-1\"  class=\"panel-grid panel-has-style\" ><div class=\"divider-no-animation tablet-default mobile-default desktop-default custom panel-row-style panel-row-style-for-3180-1\" ><div id=\"pgc-3180-1-0\"  class=\"panel-grid-cell\" ><div id=\"panel-3180-1-0-0\" class=\"so-panel widget widget_orion_heading_w panel-first-child\" data-index=\"0\" ><div class=\"orion custom default panel-widget-style panel-widget-style-for-3180-1-0-0\" ><div\n\t\t\t\n\t\t\tclass=\"so-widget-orion_heading_w so-widget-orion_heading_w-base\"\n\t\t\t\n\t\t> \r\n\t\t\t<div class=\"row orion-heading\" style=\"margin-bottom:0px;\">\r\n\t\t<div class=\"col-md-12   text-left style-h2 style-text-default\">\r\n\t\t\t<h2 class=\"text-default\">\r\n\t\t\t\tONDAS DE CHOQUE\t\t\t<\/h2>\r\n\t\t<\/div>\r\n\t<\/div>\r\n\r\n\t<\/div><\/div><\/div><div id=\"panel-3180-1-0-1\" class=\"so-panel widget widget_orion_dividers_w\" data-index=\"1\" ><div class=\"orion custom default panel-widget-style panel-widget-style-for-3180-1-0-1\" ><div\n\t\t\t\n\t\t\tclass=\"so-widget-orion_dividers_w so-widget-orion_dividers_w-base\"\n\t\t\t\n\t\t>\t<hr style=\"border-top-width:2px; border-top-color:rgba(36,204,242,1); border-style: solid; width: 100%;  margin-top: 0;\"><\/div><\/div><\/div><div id=\"panel-3180-1-0-2\" class=\"so-panel widget widget_orion_empty_space_w\" data-index=\"2\" ><div class=\"orion custom default panel-widget-style panel-widget-style-for-3180-1-0-2\" ><div\n\t\t\t\n\t\t\tclass=\"so-widget-orion_empty_space_w so-widget-orion_empty_space_w-base\"\n\t\t\t\n\t\t>\t<div class=\"row empty-space visible-lg visible-md visible-sm visible-xs\" style=\"height:23px;\">\r\n\t<\/div><\/div><\/div><\/div><div id=\"panel-3180-1-0-3\" class=\"so-panel widget widget_sow-editor panel-last-child\" data-index=\"3\" ><div class=\"orion custom default panel-widget-style panel-widget-style-for-3180-1-0-3\" ><div\n\t\t\t\n\t\t\tclass=\"so-widget-sow-editor so-widget-sow-editor-base\"\n\t\t\t\n\t\t>\n<div class=\"siteorigin-widget-tinymce textwidget\">\n\t<h6><span style=\"color: #000000;\">Actualmente se encuentran altamente difundidas en las \u00e1reas de traumatolog\u00eda como tambi\u00e9n medicina f\u00edsica y rehabilitaci\u00f3n, como tambi\u00e9n en \u00e1rea urol\u00f3gica y est\u00e9tica.<\/span><\/h6>\n<h6><span style=\"color: #000000;\">La medicina regenerativa celular es la medicina del presente y futuro. La terapia con ondas de choque, gracias a su efecto estimulador biol\u00f3gico, es capaz de producir regeneraci\u00f3n tisular, ya sea de hueso, tend\u00f3n, piel, y vasos sangu\u00edneos, generando excelente resultados en patolog\u00edas como:<\/span><\/h6>\n<ul>\n<li>\n<h6><span style=\"color: #000000;\">\u200bTendinopat\u00edas (tendinitis, tendinosis, rupturas).\u200b<\/span><\/h6>\n<\/li>\n<li>\n<h6><span style=\"color: #000000;\">Calcificaciones.<\/span><\/h6>\n<\/li>\n<li>\n<h6><span style=\"color: #000000;\">Desgarros musculares.<\/span><\/h6>\n<\/li>\n<li>\n<h6><span style=\"color: #000000;\">Falta de consolidaci\u00f3n de fracturas.<\/span><\/h6>\n<\/li>\n<li>\n<h6><span style=\"color: #000000;\">Fascitis plantar.<\/span><\/h6>\n<\/li>\n<li>\n<h6><span style=\"color: #000000;\">Epicondilitis.<\/span><\/h6>\n<\/li>\n<li>\n<h6><span style=\"color: #000000;\">Puntos gatillos musculares.<\/span><\/h6>\n<\/li>\n<li>\n<h6><span style=\"color: #000000;\">Pubalgia.<\/span><\/h6>\n<\/li>\n<li>\n<h6><span style=\"color: #000000;\">Periostitis tibial.<\/span><\/h6>\n<\/li>\n<li>\n<h6><span style=\"color: #000000;\">Fascitis plantar.<\/span><\/h6>\n<\/li>\n<li>\n<h6><span style=\"color: #000000;\">Espol\u00f3n calc\u00e1neo.<\/span><\/h6>\n<\/li>\n<li>\n<h6><span style=\"color: #000000;\">Disfunci\u00f3n er\u00e9ctil de origen vascular.<\/span><\/h6>\n<\/li>\n<li>\n<h6><span style=\"color: #000000;\">Falta de cicatrizaci\u00f3n de heridas.<\/span><\/h6>\n<\/li>\n<li>\n<h6><span style=\"color: #000000;\">Celulitis y estr\u00edas.<\/span><\/h6>\n<\/li>\n<\/ul>\n<\/div>\n<\/div><\/div><\/div><\/div><div id=\"pgc-3180-1-1\"  class=\"panel-grid-cell\" ><div id=\"panel-3180-1-1-0\" class=\"so-panel widget widget_orion_empty_space_w panel-first-child\" data-index=\"4\" ><div class=\"orion custom default panel-widget-style panel-widget-style-for-3180-1-1-0\" ><div\n\t\t\t\n\t\t\tclass=\"so-widget-orion_empty_space_w so-widget-orion_empty_space_w-base\"\n\t\t\t\n\t\t>\t<div class=\"row empty-space visible-lg visible-md visible-sm visible-xs\" style=\"height:225px;\">\r\n\t<\/div><\/div><\/div><\/div><div id=\"panel-3180-1-1-1\" class=\"so-panel widget widget_orion_responsive_video_w panel-last-child\" data-index=\"5\" ><div class=\"orion custom default panel-widget-style panel-widget-style-for-3180-1-1-1\" ><div\n\t\t\t\n\t\t\tclass=\"so-widget-orion_responsive_video_w so-widget-orion_responsive_video_w-base\"\n\t\t\t\n\t\t>\t\t\t\t\t\t<div class=\"video embed-responsive embed-responsive-16by9\">\r\n\t\t\t\t<iframe loading=\"lazy\" title=\"Ondas de Choque\" width=\"1140\" height=\"641\" src=\"https:\/\/www.youtube.com\/embed\/UE-czqcNick?feature=oembed\" frameborder=\"0\" allow=\"accelerometer; autoplay; clipboard-write; encrypted-media; gyroscope; picture-in-picture; web-share\" referrerpolicy=\"strict-origin-when-cross-origin\" allowfullscreen><\/iframe>\t\t\t<\/div>\r\n\t\t\t<\/div><\/div><\/div><\/div><\/div><\/div><div id=\"pg-3180-2\"  class=\"panel-grid panel-has-style\" ><div class=\"divider-no-animation tablet-default mobile-default desktop-default custom panel-row-style panel-row-style-for-3180-2\" ><div id=\"pgc-3180-2-0\"  class=\"panel-grid-cell\" ><div id=\"panel-3180-2-0-0\" class=\"so-panel widget widget_orion_empty_space_w panel-first-child\" data-index=\"6\" ><div class=\"orion custom default panel-widget-style panel-widget-style-for-3180-2-0-0\" ><div\n\t\t\t\n\t\t\tclass=\"so-widget-orion_empty_space_w so-widget-orion_empty_space_w-base\"\n\t\t\t\n\t\t>\t<div class=\"row empty-space visible-lg visible-md visible-sm visible-xs\" style=\"height:60px;\">\r\n\t<\/div><\/div><\/div><\/div><div id=\"panel-3180-2-0-1\" class=\"so-panel widget widget_sow-editor\" data-index=\"7\" ><div class=\"orion custom default panel-widget-style panel-widget-style-for-3180-2-0-1\" ><div\n\t\t\t\n\t\t\tclass=\"so-widget-sow-editor so-widget-sow-editor-base\"\n\t\t\t\n\t\t>\n<div class=\"siteorigin-widget-tinymce textwidget\">\n\t<h3 style=\"text-align: left;\">\u00bfPor qu\u00e9 preferir las ondas de choque?<\/h3>\n<h6><span style=\"color: #000000;\">Las ondas de choque radiales u ondas de presi\u00f3n son un tratamiento ambulatorio que no requiere de anestesia, no es invasivo y por lo tanto, no requiere de licencias m\u00e9dicas propias del procedimiento.<\/span><br \/>\n<span style=\"color: #000000;\">Dentro de las principales ventajas de las Ondas de Choque es que en determinadas ocasiones son el tratamiento definitivo de distintas patolog\u00edas y evitan una intervenci\u00f3n quir\u00fargica, generando un alto nivel de eficiencia y un una disminuci\u00f3n considerable de los costos que esto implica, sin riesgos.<\/span><\/h6>\n<p>&nbsp;<\/p>\n<div id=\"rehabilitacion\" class=\"secciones-scroll app-clinicapages-menu-item\" data-titulo=\"Rehabilitaci\u00f3n\">\n<h3 style=\"text-align: left;\">EFECTOS BIOL\u00d3GICOS Y FISIOL\u00d3GICOS\u00a0<img loading=\"lazy\" decoding=\"async\" class=\"wp-image-3187 alignright\" src=\"https:\/\/axialkine.com\/inicio\/wp-content\/uploads\/2021\/08\/SK5-1-300x194.png\" alt=\"\" width=\"384\" height=\"248\" srcset=\"https:\/\/axialkine.com\/inicio\/wp-content\/uploads\/2021\/08\/SK5-1-300x194.png 300w, https:\/\/axialkine.com\/inicio\/wp-content\/uploads\/2021\/08\/SK5-1-1024x662.png 1024w, https:\/\/axialkine.com\/inicio\/wp-content\/uploads\/2021\/08\/SK5-1-768x497.png 768w, https:\/\/axialkine.com\/inicio\/wp-content\/uploads\/2021\/08\/SK5-1-1536x994.png 1536w, https:\/\/axialkine.com\/inicio\/wp-content\/uploads\/2021\/08\/SK5-1-2048x1325.png 2048w, https:\/\/axialkine.com\/inicio\/wp-content\/uploads\/2021\/08\/SK5-1-750x485.png 750w\" sizes=\"auto, (max-width: 384px) 100vw, 384px\" \/><\/h3>\n<\/div>\n<ul>\n<li>\n<h6><span style=\"color: #000000;\">Analgesia (alivio del dolor).<\/span><\/h6>\n<\/li>\n<li>\n<h6><span style=\"color: #000000;\">Angiog\u00e9nesis (Reproducci\u00f3n de vasos sangu\u00edneos).<\/span><\/h6>\n<\/li>\n<li>\n<h6><span style=\"color: #000000;\">Regeneraci\u00f3n de tejidos.<\/span><\/h6>\n<\/li>\n<li>\n<h6><span style=\"color: #000000;\">Mejora de la circulaci\u00f3n y del metabolismo.<\/span><\/h6>\n<\/li>\n<li>\n<h6><span style=\"color: #000000;\">Disoluci\u00f3n de calcificaciones..<\/span><\/h6>\n<\/li>\n<li>\n<h6><span style=\"color: #000000;\">Optimiza la producci\u00f3n de col\u00e1geno.<\/span><\/h6>\n<\/li>\n<\/ul>\n<\/div>\n<\/div><\/div><\/div><div id=\"panel-3180-2-0-2\" class=\"so-panel widget widget_orion_empty_space_w panel-last-child\" data-index=\"8\" ><div class=\"orion custom default panel-widget-style panel-widget-style-for-3180-2-0-2\" ><div\n\t\t\t\n\t\t\tclass=\"so-widget-orion_empty_space_w so-widget-orion_empty_space_w-base\"\n\t\t\t\n\t\t>\t<div class=\"row empty-space visible-lg visible-md visible-sm visible-xs\" style=\"height:19px;\">\r\n\t<\/div><\/div><\/div><\/div><\/div><\/div><\/div><div id=\"pg-3180-3\"  class=\"panel-grid panel-has-style\" ><div class=\"divider-no-animation tablet-default mobile-default desktop-default custom panel-row-style panel-row-style-for-3180-3\" ><div id=\"pgc-3180-3-0\"  class=\"panel-grid-cell\" ><div id=\"panel-3180-3-0-0\" class=\"so-panel widget widget_sow-image panel-first-child panel-last-child\" data-index=\"9\" ><div class=\"orion custom default panel-widget-style panel-widget-style-for-3180-3-0-0\" ><div\n\t\t\t\n\t\t\tclass=\"so-widget-sow-image so-widget-sow-image-default-8b5b6f678277-3180\"\n\t\t\t\n\t\t>\n<div class=\"sow-image-container\">\n\t\t<img \n\tsrc=\"https:\/\/axialkine.com\/inicio\/wp-content\/uploads\/2025\/10\/20250911_174430-scaled-e1759446326609-555x740.jpg\" width=\"555\" height=\"740\" sizes=\"(max-width: 555px) 100vw, 555px\" title=\"20250911_174430\" alt=\"\" \t\tclass=\"so-widget-image\"\/>\n\t<\/div>\n\n<\/div><\/div><\/div><\/div><div id=\"pgc-3180-3-1\"  class=\"panel-grid-cell\" ><div id=\"panel-3180-3-1-0\" class=\"so-panel widget widget_sow-image panel-first-child panel-last-child\" data-index=\"10\" ><div class=\"orion custom default panel-widget-style panel-widget-style-for-3180-3-1-0\" ><div\n\t\t\t\n\t\t\tclass=\"so-widget-sow-image so-widget-sow-image-default-8b5b6f678277-3180\"\n\t\t\t\n\t\t>\n<div class=\"sow-image-container\">\n\t\t<img \n\tsrc=\"https:\/\/axialkine.com\/inicio\/wp-content\/uploads\/2025\/10\/20250911_174346-scaled-e1759446311638-555x740.jpg\" width=\"555\" height=\"740\" sizes=\"(max-width: 555px) 100vw, 555px\" title=\"20250911_174346\" alt=\"\" \t\tclass=\"so-widget-image\"\/>\n\t<\/div>\n\n<\/div><\/div><\/div><\/div><\/div><\/div><div id=\"pg-3180-4\"  class=\"panel-grid panel-has-style\" ><div class=\"divider-no-animation tablet-default mobile-default desktop-default custom panel-row-style panel-row-style-for-3180-4\" ><div id=\"pgc-3180-4-0\"  class=\"panel-grid-cell\" ><div id=\"panel-3180-4-0-0\" class=\"so-panel widget widget_orion_empty_space_w panel-first-child\" data-index=\"11\" ><div class=\"orion custom default panel-widget-style panel-widget-style-for-3180-4-0-0\" ><div\n\t\t\t\n\t\t\tclass=\"so-widget-orion_empty_space_w so-widget-orion_empty_space_w-base\"\n\t\t\t\n\t\t>\t<div class=\"row empty-space visible-lg visible-md visible-sm visible-xs\" style=\"height:141px;\">\r\n\t<\/div><\/div><\/div><\/div><div id=\"panel-3180-4-0-1\" class=\"so-panel widget widget_orion_button_w panel-last-child\" data-index=\"12\" ><div class=\"orion custom default panel-widget-style panel-widget-style-for-3180-4-0-1\" ><div\n\t\t\t\n\t\t\tclass=\"so-widget-orion_button_w so-widget-orion_button_w-base\"\n\t\t\t\n\t\t>\t<div class=\"wrapper block\" style=\"text-align:center\">\r\n\r\n\t\t\t<a class=\"btn btn-c1 btn-flat btn-md\"  href=\"https:\/\/api.whatsapp.com\/send?phone=56999151507&#038;text=Hola,%20Escribo%20para%20Solicitar%20Evaluaci%C3%B3n%20y%20saber%20un%20poco%20mas%20del%20proceso\"\r\n\t\t\t   \t\t>\r\n\t\t\tSolicitar Evaluaci\u00f3n\t\t\r\n\t\t<\/a>\r\n\t\r\n<\/div>\r\n<\/div><\/div><\/div><\/div><\/div><\/div><\/div>","protected":false},"excerpt":{"rendered":"<p>Actualmente se encuentran altamente difundidas en las \u00e1reas de traumatolog\u00eda como tambi\u00e9n medicina f\u00edsica y rehabilitaci\u00f3n, como tambi\u00e9n en \u00e1rea urol\u00f3gica y est\u00e9tica. La medicina regenerativa celular es la medicina del presente y futuro. La terapia con ondas de choque, gracias a su efecto estimulador biol\u00f3gico, es capaz de producir regeneraci\u00f3n tisular, ya sea de<\/p>\n","protected":false},"author":1,"featured_media":0,"parent":0,"menu_order":0,"comment_status":"closed","ping_status":"closed","template":"","meta":{"footnotes":""},"class_list":["post-3180","page","type-page","status-publish","hentry"],"_links":{"self":[{"href":"https:\/\/axialkine.com\/inicio\/wp-json\/wp\/v2\/pages\/3180","targetHints":{"allow":["GET"]}}],"collection":[{"href":"https:\/\/axialkine.com\/inicio\/wp-json\/wp\/v2\/pages"}],"about":[{"href":"https:\/\/axialkine.com\/inicio\/wp-json\/wp\/v2\/types\/page"}],"author":[{"embeddable":true,"href":"https:\/\/axialkine.com\/inicio\/wp-json\/wp\/v2\/users\/1"}],"replies":[{"embeddable":true,"href":"https:\/\/axialkine.com\/inicio\/wp-json\/wp\/v2\/comments?post=3180"}],"version-history":[{"count":14,"href":"https:\/\/axialkine.com\/inicio\/wp-json\/wp\/v2\/pages\/3180\/revisions"}],"predecessor-version":[{"id":3444,"href":"https:\/\/axialkine.com\/inicio\/wp-json\/wp\/v2\/pages\/3180\/revisions\/3444"}],"wp:attachment":[{"href":"https:\/\/axialkine.com\/inicio\/wp-json\/wp\/v2\/media?parent=3180"}],"curies":[{"name":"wp","href":"https:\/\/api.w.org\/{rel}","templated":true}]}}