{"id":3372,"date":"2025-10-03T01:26:02","date_gmt":"2025-10-03T01:26:02","guid":{"rendered":"https:\/\/axialkine.com\/inicio\/?page_id=3372"},"modified":"2025-10-07T17:35:35","modified_gmt":"2025-10-07T17:35:35","slug":"plasma-rico-en-plaquetas","status":"publish","type":"page","link":"https:\/\/axialkine.com\/inicio\/plasma-rico-en-plaquetas\/","title":{"rendered":"Plasma Rico en Plaquetas"},"content":{"rendered":"<div id=\"pl-3372\"  class=\"panel-layout\" ><div id=\"pg-3372-0\"  class=\"panel-grid panel-has-style\" ><div class=\"divider-no-animation tablet-default mobile-default desktop-default custom panel-row-style panel-row-style-for-3372-0\" ><div id=\"pgc-3372-0-0\"  class=\"panel-grid-cell\" ><div id=\"panel-3372-0-0-0\" class=\"so-panel widget widget_orion_heading_w panel-first-child panel-last-child\" data-index=\"0\" ><div class=\"orion custom default panel-widget-style panel-widget-style-for-3372-0-0-0\" ><div\n\t\t\t\n\t\t\tclass=\"so-widget-orion_heading_w so-widget-orion_heading_w-base\"\n\t\t\t\n\t\t> \r\n\t\t\t<div class=\"row orion-heading\" style=\"margin-bottom:0px;\">\r\n\t\t<div class=\"col-md-12   text-left style-h2 style-text-default\">\r\n\t\t\t<h2 class=\"text-default\">\r\n\t\t\t\tPlasma rico en plaquetas\t\t\t<\/h2>\r\n\t\t<\/div>\r\n\t<\/div>\r\n\r\n\t<\/div><\/div><\/div><\/div><\/div><\/div><div id=\"pg-3372-1\"  class=\"panel-grid panel-has-style\" ><div class=\"divider-no-animation tablet-default mobile-default desktop-default custom panel-row-style panel-row-style-for-3372-1\" ><div id=\"pgc-3372-1-0\"  class=\"panel-grid-cell\" ><div id=\"panel-3372-1-0-0\" class=\"so-panel widget widget_sow-editor panel-first-child\" data-index=\"1\" ><div class=\"orion custom default panel-widget-style panel-widget-style-for-3372-1-0-0\" ><div\n\t\t\t\n\t\t\tclass=\"so-widget-sow-editor so-widget-sow-editor-base\"\n\t\t\t\n\t\t>\n<div class=\"siteorigin-widget-tinymce textwidget\">\n\t<h6><\/h6>\n<h6><span style=\"font-weight: 400; color: #000000;\">Es un tratamiento m\u00e9dico que utiliza la propia sangre del paciente para acelerar la regeneraci\u00f3n de tejidos, ya que las plaquetas contenidas en la sangre liberan factores de crecimiento que estimulan la recuperaci\u00f3n celular y la cicatrizaci\u00f3n. Se obtiene centrifugando una muestra de sangre del paciente, y se aplica de forma localizada en la zona afectada para tratar problemas est\u00e9ticos como el envejecimiento cut\u00e1neo y la alopecia, o afecciones musculoesquel\u00e9ticas.<\/span><\/h6>\n<h6><\/h6>\n<h6><span style=\"font-weight: 400; color: #000000;\">En medicina deportiva, traumatolog\u00eda y ortopedia se utiliza para acelerar la curaci\u00f3n de lesiones de tendones, m\u00fasculos y ligamentos, y mejorar condiciones articulares como la artrosis.<\/span><\/h6>\n<p>&nbsp;<\/p>\n<h6><\/h6>\n<h6><span style=\"color: #000000;\"><strong>\u00bfEn qu\u00e9 consiste el tratamiento con PRP?<\/strong><\/span><\/h6>\n<ol>\n<li style=\"font-weight: 400;\" aria-level=\"1\">\n<h6><span style=\"font-weight: 400; color: #000000;\">Extracci\u00f3n de sangre: Se extrae una peque\u00f1a cantidad de sangre del paciente.\u00a0<\/span><\/h6>\n<\/li>\n<li style=\"font-weight: 400;\" aria-level=\"1\">\n<h6><span style=\"font-weight: 400; color: #000000;\">Procesamiento de la sangre: La sangre se somete a un proceso de centrifugaci\u00f3n para separar las plaquetas del resto de componentes sangu\u00edneos.\u00a0<\/span><\/h6>\n<\/li>\n<li style=\"font-weight: 400;\" aria-level=\"1\">\n<h6><span style=\"font-weight: 400; color: #000000;\">Obtenci\u00f3n del PRP: El concentrado de plaquetas resultante, rico en factores de crecimiento, se extrae y se utiliza para la infiltraci\u00f3n en la zona lesionada.<\/span><\/h6>\n<\/li>\n<\/ol>\n<h6><\/h6>\n<p>&nbsp;<\/p>\n<h6><span style=\"color: #000000;\"><strong>El tratamiento se puede realizar en todas las articulaciones y algunos diagn\u00f3sticos frecuentes\u00a0 para realizarlo son:<\/strong><\/span><\/h6>\n<p>&nbsp;<\/p>\n<ul>\n<li style=\"font-weight: 400;\" aria-level=\"1\">\n<h6><span style=\"font-weight: 400; color: #000000;\">Lesiones tendinosas (epicondilitis, tendinitis rotuliana, manguito rotador).<\/span><\/h6>\n<\/li>\n<li style=\"font-weight: 400;\" aria-level=\"1\">\n<h6><span style=\"font-weight: 400; color: #000000;\">Artrosis leve a moderada.<\/span><\/h6>\n<\/li>\n<li style=\"font-weight: 400;\" aria-level=\"1\">\n<h6><span style=\"font-weight: 400; color: #000000;\">\u00dalceras cut\u00e1neas cr\u00f3nicas.<\/span><\/h6>\n<\/li>\n<li style=\"font-weight: 400;\" aria-level=\"1\">\n<h6><span style=\"font-weight: 400; color: #000000;\">Post-quir\u00fargico para acelerar la cicatrizaci\u00f3n.<\/span><\/h6>\n<\/li>\n<\/ul>\n<h6><\/h6>\n<p>&nbsp;<\/p>\n<h6 style=\"text-align: center;\"><strong><span style=\"color: #000000;\">El procedimiento es realizado por un m\u00e9dico especialista en Traumatolog\u00eda.<\/span><\/strong><\/h6>\n<p><br style=\"font-weight: 400;\" \/><br style=\"font-weight: 400;\" \/><\/p>\n<\/div>\n<\/div><\/div><\/div><div id=\"panel-3372-1-0-1\" class=\"so-panel widget widget_orion_empty_space_w panel-last-child\" data-index=\"2\" ><div class=\"orion custom default panel-widget-style panel-widget-style-for-3372-1-0-1\" ><div\n\t\t\t\n\t\t\tclass=\"so-widget-orion_empty_space_w so-widget-orion_empty_space_w-base\"\n\t\t\t\n\t\t>\t<div class=\"row empty-space visible-lg visible-md visible-sm visible-xs\" style=\"height:19px;\">\r\n\t<\/div><\/div><\/div><\/div><\/div><\/div><\/div><div id=\"pg-3372-2\"  class=\"panel-grid panel-has-style\" ><div class=\"divider-no-animation tablet-default mobile-default desktop-default custom panel-row-style panel-row-style-for-3372-2\" ><div id=\"pgc-3372-2-0\"  class=\"panel-grid-cell\" ><div id=\"panel-3372-2-0-0\" class=\"so-panel widget widget_sow-image panel-first-child panel-last-child\" data-index=\"3\" ><div class=\"orion custom default panel-widget-style panel-widget-style-for-3372-2-0-0\" ><div\n\t\t\t\n\t\t\tclass=\"so-widget-sow-image so-widget-sow-image-default-8b5b6f678277-3372\"\n\t\t\t\n\t\t>\n<div class=\"sow-image-container\">\n\t\t<img \n\tsrc=\"https:\/\/axialkine.com\/inicio\/wp-content\/uploads\/2025\/10\/IMG-20250925-WA0035-555x740.jpg\" width=\"555\" height=\"740\" sizes=\"(max-width: 555px) 100vw, 555px\" title=\"IMG-20250925-WA0035\" alt=\"\" \t\tclass=\"so-widget-image\"\/>\n\t<\/div>\n\n<\/div><\/div><\/div><\/div><div id=\"pgc-3372-2-1\"  class=\"panel-grid-cell\" ><div id=\"panel-3372-2-1-0\" class=\"so-panel widget widget_sow-image panel-first-child panel-last-child\" data-index=\"4\" ><div class=\"orion custom default panel-widget-style panel-widget-style-for-3372-2-1-0\" ><div\n\t\t\t\n\t\t\tclass=\"so-widget-sow-image so-widget-sow-image-default-8b5b6f678277-3372\"\n\t\t\t\n\t\t>\n<div class=\"sow-image-container\">\n\t\t<img \n\tsrc=\"https:\/\/axialkine.com\/inicio\/wp-content\/uploads\/2025\/10\/20250925_162924-scaled-e1759454941451-555x740.jpg\" width=\"555\" height=\"740\" sizes=\"(max-width: 555px) 100vw, 555px\" title=\"20250925_162924\" alt=\"\" \t\tclass=\"so-widget-image\"\/>\n\t<\/div>\n\n<\/div><\/div><\/div><\/div><\/div><\/div><div id=\"pg-3372-3\"  class=\"panel-grid panel-has-style\" ><div class=\"divider-no-animation tablet-default mobile-default desktop-default custom panel-row-style panel-row-style-for-3372-3\" ><div id=\"pgc-3372-3-0\"  class=\"panel-grid-cell\" ><div id=\"panel-3372-3-0-0\" class=\"so-panel widget widget_orion_empty_space_w panel-first-child\" data-index=\"5\" ><div class=\"orion custom default panel-widget-style panel-widget-style-for-3372-3-0-0\" ><div\n\t\t\t\n\t\t\tclass=\"so-widget-orion_empty_space_w so-widget-orion_empty_space_w-base\"\n\t\t\t\n\t\t>\t<div class=\"row empty-space visible-lg visible-md visible-sm visible-xs\" style=\"height:141px;\">\r\n\t<\/div><\/div><\/div><\/div><div id=\"panel-3372-3-0-1\" class=\"so-panel widget widget_orion_button_w panel-last-child\" data-index=\"6\" ><div class=\"orion custom default panel-widget-style panel-widget-style-for-3372-3-0-1\" ><div\n\t\t\t\n\t\t\tclass=\"so-widget-orion_button_w so-widget-orion_button_w-base\"\n\t\t\t\n\t\t>\t<div class=\"wrapper block\" style=\"text-align:center\">\r\n\r\n\t\t\t<a class=\"btn btn-c1 btn-flat btn-md\"  href=\"https:\/\/api.whatsapp.com\/send?phone=56999151507&#038;text=Hola,%20Escribo%20para%20Solicitar%20Evaluaci%C3%B3n%20y%20saber%20un%20poco%20mas%20del%20proceso\"\r\n\t\t\t   \t\t>\r\n\t\t\tSolicitar Evaluaci\u00f3n\t\t\r\n\t\t<\/a>\r\n\t\r\n<\/div>\r\n<\/div><\/div><\/div><\/div><\/div><\/div><\/div>","protected":false},"excerpt":{"rendered":"<p>Es un tratamiento m\u00e9dico que utiliza la propia sangre del paciente para acelerar la regeneraci\u00f3n de tejidos, ya que las plaquetas contenidas en la sangre liberan factores de crecimiento que estimulan la recuperaci\u00f3n celular y la cicatrizaci\u00f3n. Se obtiene centrifugando una muestra de sangre del paciente, y se aplica de forma localizada en la zona<\/p>\n","protected":false},"author":1,"featured_media":0,"parent":0,"menu_order":0,"comment_status":"closed","ping_status":"closed","template":"","meta":{"footnotes":""},"class_list":["post-3372","page","type-page","status-publish","hentry"],"_links":{"self":[{"href":"https:\/\/axialkine.com\/inicio\/wp-json\/wp\/v2\/pages\/3372","targetHints":{"allow":["GET"]}}],"collection":[{"href":"https:\/\/axialkine.com\/inicio\/wp-json\/wp\/v2\/pages"}],"about":[{"href":"https:\/\/axialkine.com\/inicio\/wp-json\/wp\/v2\/types\/page"}],"author":[{"embeddable":true,"href":"https:\/\/axialkine.com\/inicio\/wp-json\/wp\/v2\/users\/1"}],"replies":[{"embeddable":true,"href":"https:\/\/axialkine.com\/inicio\/wp-json\/wp\/v2\/comments?post=3372"}],"version-history":[{"count":7,"href":"https:\/\/axialkine.com\/inicio\/wp-json\/wp\/v2\/pages\/3372\/revisions"}],"predecessor-version":[{"id":3448,"href":"https:\/\/axialkine.com\/inicio\/wp-json\/wp\/v2\/pages\/3372\/revisions\/3448"}],"wp:attachment":[{"href":"https:\/\/axialkine.com\/inicio\/wp-json\/wp\/v2\/media?parent=3372"}],"curies":[{"name":"wp","href":"https:\/\/api.w.org\/{rel}","templated":true}]}}